[INFO] fetching crate syscall-linux-raw 0.0.1...
[INFO] checking syscall-linux-raw-0.0.1 against master#af3c6e733a40e671550e0f0f5aeecaa13772ba56 for pr-74989
[INFO] extracting crate syscall-linux-raw 0.0.1 into /workspace/builds/worker-10/source
[INFO] validating manifest of crates.io crate syscall-linux-raw 0.0.1 on toolchain af3c6e733a40e671550e0f0f5aeecaa13772ba56
[INFO] running `Command { std: "/workspace/cargo-home/bin/cargo" "+af3c6e733a40e671550e0f0f5aeecaa13772ba56" "read-manifest" "--manifest-path" "Cargo.toml", kill_on_drop: false }`
[INFO] started tweaking crates.io crate syscall-linux-raw 0.0.1
[INFO] finished tweaking crates.io crate syscall-linux-raw 0.0.1
[INFO] tweaked toml for crates.io crate syscall-linux-raw 0.0.1 written to /workspace/builds/worker-10/source/Cargo.toml
[INFO] crate crates.io crate syscall-linux-raw 0.0.1 already has a lockfile, it will not be regenerated
[INFO] running `Command { std: "/workspace/cargo-home/bin/cargo" "+af3c6e733a40e671550e0f0f5aeecaa13772ba56" "fetch" "--locked" "--manifest-path" "Cargo.toml", kill_on_drop: false }`
[INFO] running `Command { std: "docker" "create" "-v" "/var/lib/crater-agent-workspace/builds/worker-10/target:/opt/rustwide/target:rw,Z" "-v" "/var/lib/crater-agent-workspace/builds/worker-10/source:/opt/rustwide/workdir:ro,Z" "-v" "/var/lib/crater-agent-workspace/cargo-home:/opt/rustwide/cargo-home:ro,Z" "-v" "/var/lib/crater-agent-workspace/rustup-home:/opt/rustwide/rustup-home:ro,Z" "-e" "SOURCE_DIR=/opt/rustwide/workdir" "-e" "CARGO_TARGET_DIR=/opt/rustwide/target" "-e" "CARGO_HOME=/opt/rustwide/cargo-home" "-e" "RUSTUP_HOME=/opt/rustwide/rustup-home" "-w" "/opt/rustwide/workdir" "-m" "1610612736" "--user" "0:0" "--network" "none" "rustops/crates-build-env@sha256:d92eaeed33fa75130ca1ee6c8a01d1ffb62bac859dfdfb3450e3e5d1c0146529" "/opt/rustwide/cargo-home/bin/cargo" "+af3c6e733a40e671550e0f0f5aeecaa13772ba56" "metadata" "--no-deps" "--format-version=1", kill_on_drop: false }`
[INFO] [stdout] a48bc783b60ac368d5a022285d5fa25ba77209cacc82b84b69068e1dbb4717eb
[INFO] [stderr] WARNING: Your kernel does not support swap limit capabilities or the cgroup is not mounted. Memory limited without swap.
[INFO] running `Command { std: "docker" "start" "-a" "a48bc783b60ac368d5a022285d5fa25ba77209cacc82b84b69068e1dbb4717eb", kill_on_drop: false }`
[INFO] running `Command { std: "docker" "inspect" "a48bc783b60ac368d5a022285d5fa25ba77209cacc82b84b69068e1dbb4717eb", kill_on_drop: false }`
[INFO] running `Command { std: "docker" "rm" "-f" "a48bc783b60ac368d5a022285d5fa25ba77209cacc82b84b69068e1dbb4717eb", kill_on_drop: false }`
[INFO] [stdout] a48bc783b60ac368d5a022285d5fa25ba77209cacc82b84b69068e1dbb4717eb
[INFO] running `Command { std: "docker" "create" "-v" "/var/lib/crater-agent-workspace/builds/worker-10/target:/opt/rustwide/target:rw,Z" "-v" "/var/lib/crater-agent-workspace/builds/worker-10/source:/opt/rustwide/workdir:ro,Z" "-v" "/var/lib/crater-agent-workspace/cargo-home:/opt/rustwide/cargo-home:ro,Z" "-v" "/var/lib/crater-agent-workspace/rustup-home:/opt/rustwide/rustup-home:ro,Z" "-e" "SOURCE_DIR=/opt/rustwide/workdir" "-e" "CARGO_TARGET_DIR=/opt/rustwide/target" "-e" "CARGO_INCREMENTAL=0" "-e" "RUST_BACKTRACE=full" "-e" "RUSTFLAGS=--cap-lints=forbid" "-e" "CARGO_HOME=/opt/rustwide/cargo-home" "-e" "RUSTUP_HOME=/opt/rustwide/rustup-home" "-w" "/opt/rustwide/workdir" "-m" "1610612736" "--user" "0:0" "--network" "none" "rustops/crates-build-env@sha256:d92eaeed33fa75130ca1ee6c8a01d1ffb62bac859dfdfb3450e3e5d1c0146529" "/opt/rustwide/cargo-home/bin/cargo" "+af3c6e733a40e671550e0f0f5aeecaa13772ba56" "check" "--frozen" "--all" "--all-targets" "--message-format=json", kill_on_drop: false }`
[INFO] [stdout] 99c1f57878d1fc99d6e1e75a0dbe5f73573b7d9a4947aebbb326fb67aaa9aa45
[INFO] [stderr] WARNING: Your kernel does not support swap limit capabilities or the cgroup is not mounted. Memory limited without swap.
[INFO] running `Command { std: "docker" "start" "-a" "99c1f57878d1fc99d6e1e75a0dbe5f73573b7d9a4947aebbb326fb67aaa9aa45", kill_on_drop: false }`
[INFO] [stderr]    Compiling cfg-if v0.1.10
[INFO] [stderr]    Compiling bitflags v1.2.1
[INFO] [stderr]    Compiling unicode-xid v0.2.1
[INFO] [stderr]    Compiling byteorder v1.3.4
[INFO] [stderr]    Compiling lazy_static v1.4.0
[INFO] [stderr]    Compiling libc v0.2.71
[INFO] [stderr]    Compiling proc-macro2 v1.0.18
[INFO] [stderr]    Compiling quote v1.0.7
[INFO] [stderr]    Compiling getrandom v0.1.14
[INFO] [stderr]    Compiling syn v1.0.33
[INFO] [stderr]    Compiling dynasm-lib v0.1.0-alpha
[INFO] [stderr]    Compiling rand_core v0.5.1
[INFO] [stderr]    Compiling rand_chacha v0.2.2
[INFO] [stderr]    Compiling rand v0.7.3
[INFO] [stderr]    Compiling direct-asm v0.0.1-alpha
[INFO] [stderr]     Checking syscall-linux-raw v0.0.1 (/opt/rustwide/workdir)
[INFO] [stdout] error[E0433]: failed to resolve: use of undeclared type or module `linux_syscall_abi`
[INFO] [stdout]  --> examples/simple.rs:7:9
[INFO] [stdout]   |
[INFO] [stdout] 7 |         linux_syscall_abi::syscall1(linux_syscall_abi::SysNr(60), 0);
[INFO] [stdout]   |         ^^^^^^^^^^^^^^^^^ use of undeclared type or module `linux_syscall_abi`
[INFO] [stdout] 
[INFO] [stdout] 
[INFO] [stdout] error[E0433]: failed to resolve: use of undeclared type or module `linux_syscall_abi`
[INFO] [stdout]  --> examples/simple.rs:7:37
[INFO] [stdout]   |
[INFO] [stdout] 7 |         linux_syscall_abi::syscall1(linux_syscall_abi::SysNr(60), 0);
[INFO] [stdout]   |                                     ^^^^^^^^^^^^^^^^^ use of undeclared type or module `linux_syscall_abi`
[INFO] [stdout] 
[INFO] [stdout] 
[INFO] [stdout] error[E0433]: failed to resolve: use of undeclared type or module `linux_syscall_abi`
[INFO] [stdout]   --> examples/simple.rs:14:9
[INFO] [stdout]    |
[INFO] [stdout] 14 |         linux_syscall_abi::syscall3(linux_syscall_abi::SysNr(1), fd as isize, buf.as_ptr() as isize, buf.len() as isize);
[INFO] [stdout]    |         ^^^^^^^^^^^^^^^^^ use of undeclared type or module `linux_syscall_abi`
[INFO] [stdout] 
[INFO] [stdout] 
[INFO] [stdout] error[E0433]: failed to resolve: use of undeclared type or module `linux_syscall_abi`
[INFO] [stdout]   --> examples/simple.rs:14:37
[INFO] [stdout]    |
[INFO] [stdout] 14 |         linux_syscall_abi::syscall3(linux_syscall_abi::SysNr(1), fd as isize, buf.as_ptr() as isize, buf.len() as isize);
[INFO] [stdout]    |                                     ^^^^^^^^^^^^^^^^^ use of undeclared type or module `linux_syscall_abi`
[INFO] [stdout] 
[INFO] [stdout] 
[INFO] [stdout] error: language item required, but not found: `eh_personality`
[INFO] [stdout] 
[INFO] [stdout] 
[INFO] [stdout] error: aborting due to 5 previous errors
[INFO] [stdout] 
[INFO] [stdout] 
[INFO] [stdout] For more information about this error, try `rustc --explain E0433`.
[INFO] [stdout] 
[INFO] [stderr] error: could not compile `syscall-linux-raw`.
[INFO] [stderr] 
[INFO] [stderr] To learn more, run the command again with --verbose.
[INFO] running `Command { std: "docker" "inspect" "99c1f57878d1fc99d6e1e75a0dbe5f73573b7d9a4947aebbb326fb67aaa9aa45", kill_on_drop: false }`
[INFO] running `Command { std: "docker" "rm" "-f" "99c1f57878d1fc99d6e1e75a0dbe5f73573b7d9a4947aebbb326fb67aaa9aa45", kill_on_drop: false }`
[INFO] [stdout] 99c1f57878d1fc99d6e1e75a0dbe5f73573b7d9a4947aebbb326fb67aaa9aa45
